12138
Convert 12220 (base 7) to base 13.
15c1
Convert -171 (base 16) to base 8.
-561
Convert 220022221 (base 3) to base 10.
17737
What is 758 (base 12) in base 4?
100310
cb1 (base 13) to base 14
b12
10022 (base 5) to base 4
21331
Convert 110020220 (base 3) to base 5.
241214
Convert 53666 (base 9) to base 3.
1210202020
-13333 (base 5) to base 12
-771
What is 6737 (base 12) in base 3?
120122221
Convert -6a41 (base 11) to base 8.
-22031
Convert 3 (base 8) to base 4.
3
What is -2b2 (base 12) in base 14?
-222
Convert 10414 (base 5) to base 11.
608
What is -13003 (base 7) in base 10?
-3433
64123 (base 10) to base 7
354643
Convert 24908 (base 10) to base 4.
12011030
What is -3213 (base 6) in base 16?
-2d9
Convert -6815 (base 9) to base 14.
-1b9a
Convert 31236 (base 7) to base 6.
55303
What is -a8c0 (base 14) in base 11?
-1aa14
Convert 70 (base 15) to base 16.
69
What is 3270 (base 8) in base 7?
5005
5cc (base 13) to base 14
525
1b21 (base 13) to base 3
12121020
Convert -100200 (base 3) to base 15.
-126
What is 2012101 (base 3) in base 13?
964
Convert -10758 (base 9) to base 14.
-288d
What is -c6 (base 15) in base 14?
-d4
3149 (base 10) to base 14
120d
Convert -2262 (base 14) to base 12.
-3552
What is 101110220 (base 3) in base 4?
1313112
What is -103ee (base 16) in base 14?
-1a370
What is -1033 (base 9) in base 3?
-1001010
Convert 11ca5 (base 13) to base 4.
20002121
11975 (base 11) to base 2
100001011110111
Convert -10000000101 (base 2) to base 4.
-100011
What is 106026 (base 8) in base 14?
d0d8
Convert -505 (base 7) to base 2.
-11111010
Convert 15534 (base 6) to base 5.
40303
Convert -5215 (base 7) to base 2.
-11100100001
What is -101111000 (base 2) in base 6?
-1424
What is 40 (base 9) in base 7?
51
10103 (base 4) to base 12
1ab
141663 (base 7) to base 4
12213111
What is -1212 (base 10) in base 11?
-a02
-1632 (base 8) to base 15
-417
Convert -241 (base 10) to base 12.
-181
16b (base 16) to base 13
21c
-414 (base 10) to base 2
-110011110
-548 (base 16) to base 10
-1352
Convert 2098 (base 15) to base 16.
1aed
29158 (base 12) to base 15
11e5b
What is -18dc (base 15) in base 11?
-4053
2183 (base 10) to base 5
32213
What is -2854 (base 9) in base 14?
-add
1332003 (base 4) to base 16
1f83
Convert -28143 (base 9) to base 12.
-b056
Convert -19696 (base 10) to base 15.
-5c81
What is 33357 (base 9) in base 16?
5695
-595 (base 16) to base 15
-654
What is -50413 (base 7) in base 8?
-27663
What is -144337 (base 8) in base 16?
-c8df
861b (base 12) to base 14
550b
What is a77 (base 16) in base 9?
3606
2110122 (base 3) to base 14
927
Convert -221122 (base 4) to base 10.
-2650
What is 134d (base 15) in base 12?
2477
Convert -73b1 (base 12) to base 2.
-11000101110101
Convert 1515 (base 9) to base 12.
7b8
What is -5c53 (base 15) in base 2?
-100110011000101
What is -1ab (base 12) in base 14?
-159
What is -1609 (base 16) in base 7?
-22306
-130263 (base 7) to base 8
-57131
Convert 1121 (base 5) to base 4.
2201
-12221 (base 5) to base 10
-936
What is 103202 (base 6) in base 5?
232443
Convert -20530 (base 6) to base 5.
-42130
What is 1331 (base 4) in base 14?
8d
12010 (base 10) to base 11
9029
14515 (base 11) to base 2
101000001101010
What is -320133 (base 4) in base 16?
-e1f
What is -72b (base 12) in base 5?
-13133
-dda (base 16) to base 8
-6732
10003 (base 4) to base 13
16c
What is 1084 (base 15) in base 14?
13bd
1000001001 (base 2) to base 8
1011
-3888 (base 13) to base 12
-47b3
What is 174 (base 16) in base 9?
453
Convert -249 (base 13) to base 15.
-1b9
Convert 12220 (base 5) to base 13.
56c
What is 1a45 (base 12) in base 8?
6225
Convert 131201 (base 5) to base 8.
12070
Convert -1355 (base 16) to base 8.
-11525
1c1d5 (base 14) to base 10
71727
Convert aa63 (base 12) to base 2.
100100101101011
-3330303 (base 5) to base 8
-161533
Convert -110011101 (base 2) to base 13.
-25a
-1399 (base 11) to base 8
-3412
Convert -12302 (base 5) to base 2.
-1110111000
Convert 582 (base 10) to base 6.
2410
-6f3f (base 16) to base 15
-8689
What is -396 (base 14) in base 13?
-435
1010000 (base 4) to base 12
2628
What is 56d (base 14) in base 13?
64b
1120 (base 4) to base 11
80
What is -5602 (base 9) in base 8?
-10045
Convert 4b (base 16) to base 14.
55
-16077 (base 8) to base 4
-1300333
-21133 (base 9) to base 16
-368a
What is -1020 (base 16) in base 7?
-15015
-1062 (base 7) to base 15
-1ac
436 (base 10) to base 5
3221
What is -44010 (base 5) in base 8?
-5675
What is 24332 (base 5) in base 14?
958
20 (base 4) to base 3
22
Convert -20122 (base 5) to base 6.
-5543
What is -1536 (base 13) in base 4?
-300033
-a6 (base 12) to base 3
-11200
4020 (base 9) to base 2
101101110110
What is -363a (base 11) in base 6?
-34014
Convert -12210 (base 4) to base 11.
-352
Convert -11353 (base 7) to base 13.
-1444
26c (base 14) to base 3
200002
What is -7379 (base 10) in base 5?
-214004
What is -42272 (base 8) in base 7?
-102203
1111100 (base 2) to base 11
103
Convert -784 (base 10) to base 8.
-1420
-65ad (base 15) to base 10
-21538
Convert 1203200 (base 4) to base 11.
486a
What is -1010111111000 (base 2) in base 10?
-5624
What is -11ab (base 15) in base 4?
-322301
270 (base 11) to base 15
164
What is -13542 (base 8) in base 6?
-43414
What is -50a (base 12) in base 13?
-442
Convert 110122 (base 3) to base 16.
155
329c (base 15) to base 14
3c9c
-1210 (base 5) to base 8
-264
Convert -1010010 (base 3) to base 15.
-393
What is bad (base 15) in base 4?
221032
Convert 33ab (base 13) to base 15.
2229
Convert -24541 (base 8) to base 14.
-3c09
What is 148 (base 13) in base 4?
3211
What is 11202112 (base 3) in base 8?
6616
Convert 11210120 (base 3) to base 14.
13bc
Convert -4e30 (base 16) to base 10.
-20016
What is 1cd (base 16) in base 4?
13031
Convert 45a2 (base 13) to base 7.
40320
49d (base 16) to base 7
3305
Convert -721 (base 9) to base 16.
-24a
Convert 8134 (base 9) to base 2.
1011100111000
Convert 2010 (base 3) to base 6.
133
51 (base 10) to base 15
36
What is -2141 (base 5) in base 12?
-208
What is -230232 (base 6) in base 9?
-28712
What is -148 (base 15) in base 8?
-445
Convert 1424 (base 13) to base 14.
10b5
-385 (base 10) to base 13
-238
-1c4 (base 14) to base 8
-560
What is 200122211 (base 3) in base 9?
20584
What is -2311 (base 9) in base 2?
-11010101111
20636 (base 7) to base 3
21000202
-485 (base 10) to base 5
-3420
-1583c (base 13) to base 16
-9ff5
Convert -1a9 (base 14) to base 13.
-207
What is 144 (base 8) in base 7?
202
202 (base 9) to base 3
20002
-44d8 (base 15) to base 3
-202000212
What is -2b4 (base 13) in base 4?
-13211
1ac (base 16) to base 5
3203
-2122 (base 6) to base 3
-122212
-1745 (base 9) to base 11
-1006
Convert -8fd (base 16) to base 15.
-a36
-3203132 (base 5) to base 8
-150446
6062 (base 10) to base 16
17ae
What is -420103 (base 5) in base 10?
-13778
What is -100230 (base 4) in base 15?
-4b3
Convert 30530 (base 6) to base 11.
3085
What is -231156 (base 8) in base 5?
-10002241
Convert 13102 (base 4) to base 8.
722
What is -32892 (base 10) in base 4?
-20001330
Convert 2a6 (base 15) to base 12.
426
What is -11111 (base 2) in base 14?
-23
Convert 13023 (base 4) to base 2.
111001011
What is -b932 (base 14) in base 11?
-22044
Convert 3699 (base 11) to base 16.
12db
-10b2 (base 13) to base 15
-a62
What is 44045 (base 6) in base 11?
4625
11506 (base 9) to base 3
101120020
Convert 1974 (base 14) to base 12.
2802
36c (base 14) to base 6
3100
Convert -15d2 (base 16) to base 12.
-3296
220202 (base 3) to base 14
35a
What is -2396c (base 14) in base 8?
-251614
295 (base 14) to base 3
201101
What is 54653 (base 7) in base 14?
4dd3
Convert 10011101101 (base 2) to base 5.
20021
-22220020 (base 3) to base 15
-1dc6
What is 2666 (base 11) in base 6?
24004
What is 1438 (base 13) in base 5?
43140
Convert -d38b (base 14) to base 9.
-54815
What is 212000 (base 3) in base 5?
4441
What is -21222220 (base 3) in base 13?
-2865
What is -2174 (base 11) in base 12?
-17a8
What is 20031320 (base 4) in base 13?
1241c
4583 (base 14) to base 13
5657
What is -4136 (base 9) in base 6?
-22010
Convert -13204 (base 7) to base 12.
-2064
102232 (base 5) to base 4
311302
-4120 (base 7) to base 16
-59b
263 (base 12) to base 15
193
Convert 413124 (base 7) to base 2.
10001010001000101
Convert -1230 (base 9) to base 16.
-396
Wha